{"id":37,"date":"2026-03-19T01:12:38","date_gmt":"2026-03-19T00:12:38","guid":{"rendered":"https:\/\/ximenavelasquez.uproyecto.com\/?page_id=37"},"modified":"2026-04-02T20:14:18","modified_gmt":"2026-04-02T18:14:18","slug":"inicio","status":"publish","type":"page","link":"https:\/\/ximenavelasquez.uproyecto.com\/","title":{"rendered":"Inicio"},"content":{"rendered":"<p>[et_pb_section fb_built=\u00bb1&#8243; _builder_version=\u00bb4.27.5&#8243; _module_preset=\u00bbdefault\u00bb background_color=\u00bb#FFFFFF\u00bb background_image=\u00bbhttps:\/\/ximenavelasquez.uproyecto.com\/wp-content\/uploads\/2026\/03\/rectangulo.png\u00bb background_size=\u00bbcustom\u00bb background_image_width=\u00bb83%\u00bb background_image_height=\u00bb74%\u00bb width=\u00bb100%\u00bb width_tablet=\u00bb100%\u00bb width_phone=\u00bb100%\u00bb width_last_edited=\u00bbon|desktop\u00bb max_width=\u00bb100%\u00bb max_width_tablet=\u00bb100%\u00bb max_width_phone=\u00bb100%\u00bb max_width_last_edited=\u00bbon|desktop\u00bb min_height=\u00bb213px\u00bb min_height_tablet=\u00bb673px\u00bb min_height_phone=\u00bb673px\u00bb min_height_last_edited=\u00bbon|desktop\u00bb height_tablet=\u00bb582px\u00bb height_phone=\u00bb582px\u00bb height_last_edited=\u00bbon|tablet\u00bb max_height_tablet=\u00bb1000px\u00bb max_height_phone=\u00bb1000px\u00bb max_height_last_edited=\u00bbon|tablet\u00bb background_last_edited=\u00bbon|desktop\u00bb background_image_width_phone=\u00bb88%\u00bb background_image_height_tablet=\u00bb100%\u00bb background_image_height_phone=\u00bb100%\u00bb global_colors_info=\u00bb{}\u00bb][et_pb_row column_structure=\u00bb2_5,3_5&#8243; _builder_version=\u00bb4.27.5&#8243; _module_preset=\u00bbdefault\u00bb custom_margin=\u00bb|auto|-10px|auto||\u00bb global_colors_info=\u00bb{}\u00bb][et_pb_column type=\u00bb2_5&#8243; _builder_version=\u00bb4.27.5&#8243; _module_preset=\u00bbdefault\u00bb global_colors_info=\u00bb{}\u00bb][et_pb_image src=\u00bbhttps:\/\/ximenavelasquez.uproyecto.com\/wp-content\/uploads\/2026\/03\/elliot-chibi_Mesa-de-trabajo-1-1.png\u00bb title_text=\u00bbelliot chibi_Mesa de trabajo 1&#8243; src_tablet=\u00bbhttps:\/\/ximenavelasquez.uproyecto.com\/wp-content\/uploads\/2026\/03\/elliot-chibi_Mesa-de-trabajo-1-1.png\u00bb src_phone=\u00bbhttps:\/\/ximenavelasquez.uproyecto.com\/wp-content\/uploads\/2026\/03\/elliot-chibi_Mesa-de-trabajo-1-1.png\u00bb src_last_edited=\u00bbon|tablet\u00bb _builder_version=\u00bb4.27.5&#8243; _module_preset=\u00bbdefault\u00bb width=\u00bb100%\u00bb width_tablet=\u00bb59%\u00bb width_phone=\u00bb93%\u00bb width_last_edited=\u00bbon|tablet\u00bb max_width=\u00bb100%\u00bb max_width_tablet=\u00bb90%\u00bb max_width_phone=\u00bb100%\u00bb max_width_last_edited=\u00bbon|tablet\u00bb module_alignment=\u00bbcenter\u00bb min_height=\u00bb404px\u00bb min_height_tablet=\u00bb404px\u00bb min_height_phone=\u00bb336px\u00bb min_height_last_edited=\u00bbon|phone\u00bb height_tablet=\u00bb\u00bb height_phone=\u00bb\u00bb height_last_edited=\u00bbon|phone\u00bb max_height_tablet=\u00bb\u00bb max_height_phone=\u00bb\u00bb max_height_last_edited=\u00bbon|phone\u00bb custom_margin=\u00bb-71px||||false|false\u00bb custom_margin_tablet=\u00bb-71px||||false|false\u00bb custom_margin_phone=\u00bb-57px||||false|false\u00bb custom_margin_last_edited=\u00bbon|phone\u00bb custom_padding_tablet=\u00bb\u00bb custom_padding_phone=\u00bb\u00bb custom_padding_last_edited=\u00bbon|phone\u00bb global_colors_info=\u00bb{}\u00bb][\/et_pb_image][\/et_pb_column][et_pb_column type=\u00bb3_5&#8243; _builder_version=\u00bb4.27.5&#8243; _module_preset=\u00bbdefault\u00bb global_colors_info=\u00bb{}\u00bb][et_pb_heading title=\u00bb\u00a1BIENVENIDO A BUNART!\u00bb _builder_version=\u00bb4.27.5&#8243; _module_preset=\u00bbdefault\u00bb title_font=\u00bbPoppins|900|||||||\u00bb title_text_align=\u00bbcenter\u00bb title_text_color=\u00bb#FFFFFF\u00bb title_font_size=\u00bb65px\u00bb title_line_height=\u00bb1.1em\u00bb width_tablet=\u00bb\u00bb width_phone=\u00bb\u00bb width_last_edited=\u00bbon|desktop\u00bb max_width_tablet=\u00bb\u00bb max_width_phone=\u00bb\u00bb max_width_last_edited=\u00bbon|desktop\u00bb min_height_tablet=\u00bb\u00bb min_height_phone=\u00bb\u00bb min_height_last_edited=\u00bbon|desktop\u00bb height_tablet=\u00bb\u00bb height_phone=\u00bb\u00bb height_last_edited=\u00bbon|desktop\u00bb max_height=\u00bb1000px\u00bb max_height_tablet=\u00bb1000px\u00bb max_height_phone=\u00bb1000px\u00bb max_height_last_edited=\u00bbon|desktop\u00bb custom_margin=\u00bb21px||||false|false\u00bb custom_margin_tablet=\u00bb-51px||||false|false\u00bb custom_margin_phone=\u00bb-29px||||false|false\u00bb custom_margin_last_edited=\u00bbon|desktop\u00bb custom_padding_tablet=\u00bb\u00bb custom_padding_phone=\u00bb\u00bb custom_padding_last_edited=\u00bbon|phone\u00bb title_font_tablet=\u00bbPoppins|900|||||||\u00bb title_font_phone=\u00bbPoppins|900|||||||\u00bb title_font_last_edited=\u00bbon|phone\u00bb title_font_size_tablet=\u00bb62px\u00bb title_font_size_phone=\u00bb46px\u00bb title_font_size_last_edited=\u00bbon|phone\u00bb title_line_height_tablet=\u00bb1.1em\u00bb title_line_height_phone=\u00bb1.1em\u00bb title_line_height_last_edited=\u00bbon|desktop\u00bb module_alignment_tablet=\u00bb\u00bb module_alignment_phone=\u00bb\u00bb module_alignment_last_edited=\u00bbon|desktop\u00bb global_colors_info=\u00bb{}\u00bb][\/et_pb_heading][et_pb_text _builder_version=\u00bb4.27.5&#8243; _module_preset=\u00bbdefault\u00bb text_font=\u00bbPoppins||||||||\u00bb text_text_color=\u00bb#FFFFFF\u00bb text_font_size=\u00bb18px\u00bb text_orientation=\u00bbcenter\u00bb custom_margin=\u00bb-20px||||false|false\u00bb custom_margin_tablet=\u00bb-40px||||false|false\u00bb custom_margin_phone=\u00bb-36px||||false|false\u00bb custom_margin_last_edited=\u00bbon|desktop\u00bb text_font_size_tablet=\u00bb15px\u00bb text_font_size_phone=\u00bb15px\u00bb text_font_size_last_edited=\u00bbon|desktop\u00bb global_colors_info=\u00bb{}\u00bb]<\/p>\n<p style=\"text-align: center;\">\u00a1Bienvenido a Bunart!, Bunart es una empresa de Dise\u00f1o especializada en Ilustraci\u00f3n, as\u00ed mismo con experiencia en la elaboraci\u00f3n de identidad de marca, dise\u00f1o de interfaz y publicidad.<\/p>\n<p>[\/et_pb_text][et_pb_button button_text=\u00bbVER PORTAFOLIO\u00bb button_alignment=\u00bbcenter\u00bb _builder_version=\u00bb4.27.5&#8243; _module_preset=\u00bbdefault\u00bb custom_button=\u00bbon\u00bb button_text_size=\u00bb21px\u00bb button_border_width=\u00bb2px\u00bb button_border_radius=\u00bb13px\u00bb button_letter_spacing=\u00bb0px\u00bb background_layout=\u00bbdark\u00bb custom_margin_tablet=\u00bb-18px||||false|false\u00bb custom_margin_phone=\u00bb-18px||||false|false\u00bb custom_margin_last_edited=\u00bbon|tablet\u00bb custom_padding_tablet=\u00bb\u00bb custom_padding_phone=\u00bb\u00bb custom_padding_last_edited=\u00bbon|tablet\u00bb hover_enabled=\u00bb0&#8243; global_colors_info=\u00bb{}\u00bb button_url=\u00bbhttps:\/\/ximenavelasquez.uproyecto.com\/?page_id=15&#8243; sticky_enabled=\u00bb0&#8243;][\/et_pb_button][\/et_pb_column][\/et_pb_row][\/et_pb_section][et_pb_section fb_built=\u00bb1&#8243; specialty=\u00bbon\u00bb _builder_version=\u00bb4.27.5&#8243; _module_preset=\u00bbdefault\u00bb background_color=\u00bb#000000&#8243; background_image=\u00bbhttps:\/\/ximenavelasquez.uproyecto.com\/wp-content\/uploads\/2026\/04\/cara-2_Mesa-de-trabajo-1_Mesa-de-trabajo-1.png\u00bb background_size=\u00bbcontain\u00bb background_position=\u00bbbottom_right\u00bb background_horizontal_offset=\u00bb11%\u00bb global_colors_info=\u00bb{}\u00bb][et_pb_column type=\u00bb1_2&#8243; specialty_columns=\u00bb2&#8243; _builder_version=\u00bb4.16&#8243; custom_padding=\u00bb|||\u00bb global_colors_info=\u00bb{}\u00bb custom_padding__hover=\u00bb|||\u00bb][et_pb_row_inner _builder_version=\u00bb4.27.5&#8243; _module_preset=\u00bbdefault\u00bb global_colors_info=\u00bb{}\u00bb][et_pb_column_inner saved_specialty_column_type=\u00bb1_2&#8243; _builder_version=\u00bb4.27.5&#8243; _module_preset=\u00bbdefault\u00bb global_colors_info=\u00bb{}\u00bb][et_pb_heading title=\u00bbXimena Vel\u00e1squez\u00bb _builder_version=\u00bb4.27.5&#8243; _module_preset=\u00bbdefault\u00bb title_font=\u00bbPoppins|700|||||||\u00bb title_text_align=\u00bbcenter\u00bb title_text_color=\u00bb#FFFFFF\u00bb global_colors_info=\u00bb{}\u00bb][\/et_pb_heading][et_pb_text _builder_version=\u00bb4.27.5&#8243; _module_preset=\u00bbdefault\u00bb text_font=\u00bbPoppins|600|||||||\u00bb text_text_color=\u00bb#F4D18F\u00bb text_font_size=\u00bb20px\u00bb text_line_height=\u00bb1em\u00bb header_font=\u00bbPoppins|700|||||||\u00bb header_text_color=\u00bb#F4D18F\u00bb text_orientation=\u00bbcenter\u00bb custom_margin=\u00bb-25px||||false|false\u00bb global_colors_info=\u00bb{}\u00bb]<\/p>\n<p>Dise\u00f1ador e Ilustrador<\/p>\n<p>[\/et_pb_text][et_pb_text _builder_version=\u00bb4.27.5&#8243; _module_preset=\u00bbdefault\u00bb text_font=\u00bbPoppins||||||||\u00bb text_text_color=\u00bb#FFFFFF\u00bb text_font_size=\u00bb16px\u00bb global_colors_info=\u00bb{}\u00bb]<\/p>\n<p>Hola, mi nombre es Mar\u00eda Ximena Vel\u00e1squez L\u00f3pez, Creador de este sitio web y dise\u00f1ador gr\u00e1fico, cuento con experiencia en diferentes \u00e1reas de dise\u00f1o gr\u00e1fico como lo son la publicidad, Dise\u00f1o de sitio web, creaci\u00f3n de logos e identidad de marca.<\/p>\n<p>As\u00ed mismo mi especialidad es la ilustraci\u00f3n, siendo capaz de manejar distintos estilos en diferentes programas, adem\u00e1s de conocer diferentes t\u00e9cnicas, desde la ilustraci\u00f3n digital y tradicional.<\/p>\n<p>Si quieres saber m\u00e1s de mi, \u00a1HAZ CLICK EN EL BOT\u00d3N DE ABAJO!<\/p>\n<p>&nbsp;<\/p>\n<p>[\/et_pb_text][et_pb_button button_url=\u00bbhttps:\/\/ximenavelasquez.uproyecto.com\/?page_id=9&#8243; button_text=\u00bbSOBRE M\u00cd\u00bb button_alignment=\u00bbcenter\u00bb _builder_version=\u00bb4.27.5&#8243; _module_preset=\u00bbdefault\u00bb custom_button=\u00bbon\u00bb button_text_color=\u00bb#F4D18F\u00bb button_border_width=\u00bb3px\u00bb button_border_radius=\u00bb30px\u00bb button_font=\u00bbPoppins|500|||||||\u00bb background_layout=\u00bbdark\u00bb custom_margin=\u00bb-41px||||false|false\u00bb global_colors_info=\u00bb{}\u00bb][\/et_pb_button][\/et_pb_column_inner][\/et_pb_row_inner][\/et_pb_column][et_pb_column type=\u00bb1_2&#8243; _builder_version=\u00bb4.16&#8243; custom_padding=\u00bb|||\u00bb global_colors_info=\u00bb{}\u00bb custom_padding__hover=\u00bb|||\u00bb][et_pb_image src=\u00bbhttps:\/\/ximenavelasquez.uproyecto.com\/wp-content\/uploads\/2026\/04\/Sin-titulo-1-02.png\u00bb title_text=\u00bbSin t\u00edtulo-1-02&#8243; _builder_version=\u00bb4.27.5&#8243; _module_preset=\u00bbdefault\u00bb background_enable_image=\u00bboff\u00bb width=\u00bb72%\u00bb max_width=\u00bb100%\u00bb module_alignment=\u00bbcenter\u00bb global_colors_info=\u00bb{}\u00bb][\/et_pb_image][\/et_pb_column][\/et_pb_section][et_pb_section fb_built=\u00bb1&#8243; _builder_version=\u00bb4.27.5&#8243; _module_preset=\u00bbdefault\u00bb background_color=\u00bb#FFFFFF\u00bb global_colors_info=\u00bb{}\u00bb][et_pb_row _builder_version=\u00bb4.27.5&#8243; _module_preset=\u00bbdefault\u00bb global_colors_info=\u00bb{}\u00bb][et_pb_column type=\u00bb4_4&#8243; _builder_version=\u00bb4.27.5&#8243; _module_preset=\u00bbdefault\u00bb global_colors_info=\u00bb{}\u00bb][et_pb_heading title=\u00bbPROYECTOS DESTACADOS\u00bb _builder_version=\u00bb4.27.5&#8243; _module_preset=\u00bbdefault\u00bb title_font=\u00bbPoppins|700|||||||\u00bb title_text_align=\u00bbcenter\u00bb title_text_color=\u00bb#720000&#8243; title_font_size=\u00bb41px\u00bb global_colors_info=\u00bb{}\u00bb][\/et_pb_heading][\/et_pb_column][\/et_pb_row][et_pb_row column_structure=\u00bb1_2,1_2&#8243; _builder_version=\u00bb4.27.5&#8243; _module_preset=\u00bbdefault\u00bb global_colors_info=\u00bb{}\u00bb][et_pb_column type=\u00bb1_2&#8243; _builder_version=\u00bb4.27.5&#8243; _module_preset=\u00bbdefault\u00bb global_colors_info=\u00bb{}\u00bb][et_pb_gallery gallery_ids=\u00bb171,159,161,111,158&#8243; fullwidth=\u00bbon\u00bb _builder_version=\u00bb4.27.5&#8243; _module_preset=\u00bbdefault\u00bb pagination_font=\u00bbPoppins||||||||\u00bb width=\u00bb70%\u00bb width_tablet=\u00bb70%\u00bb width_phone=\u00bb70%\u00bb width_last_edited=\u00bbon|desktop\u00bb module_alignment=\u00bbcenter\u00bb border_radii=\u00bboff||26px||26px\u00bb global_colors_info=\u00bb{}\u00bb][\/et_pb_gallery][\/et_pb_column][et_pb_column type=\u00bb1_2&#8243; _builder_version=\u00bb4.27.5&#8243; _module_preset=\u00bbdefault\u00bb global_colors_info=\u00bb{}\u00bb][et_pb_gallery gallery_ids=\u00bb170,168,167,166&#8243; fullwidth=\u00bbon\u00bb _builder_version=\u00bb4.27.5&#8243; _module_preset=\u00bbdefault\u00bb width=\u00bb70%\u00bb width_tablet=\u00bb70%\u00bb width_phone=\u00bb70%\u00bb width_last_edited=\u00bbon|desktop\u00bb module_alignment=\u00bbcenter\u00bb border_radii=\u00bboff||26px||26px\u00bb global_colors_info=\u00bb{}\u00bb][\/et_pb_gallery][\/et_pb_column][\/et_pb_row][\/et_pb_section]<\/p>\n","protected":false},"excerpt":{"rendered":"<p>\u00a1Bienvenido a Bunart!, Bunart es una empresa de Dise\u00f1o especializada en Ilustraci\u00f3n, as\u00ed mismo con experiencia en la elaboraci\u00f3n de identidad de marca, dise\u00f1o de interfaz y publicidad.Dise\u00f1ador e IlustradorHola, mi nombre es Mar\u00eda Ximena Vel\u00e1squez L\u00f3pez, Creador de este sitio web y dise\u00f1ador gr\u00e1fico, cuento con experiencia en diferentes \u00e1reas de dise\u00f1o gr\u00e1fico como [&hellip;]<\/p>\n","protected":false},"author":1,"featured_media":0,"parent":0,"menu_order":0,"comment_status":"closed","ping_status":"closed","template":"","meta":{"_et_pb_use_builder":"on","_et_pb_old_content":"<!-- wp:divi\/placeholder \/-->","_et_gb_content_width":"","_joinchat":[],"footnotes":""},"class_list":["post-37","page","type-page","status-publish","hentry"],"_links":{"self":[{"href":"https:\/\/ximenavelasquez.uproyecto.com\/index.php?rest_route=\/wp\/v2\/pages\/37","targetHints":{"allow":["GET"]}}],"collection":[{"href":"https:\/\/ximenavelasquez.uproyecto.com\/index.php?rest_route=\/wp\/v2\/pages"}],"about":[{"href":"https:\/\/ximenavelasquez.uproyecto.com\/index.php?rest_route=\/wp\/v2\/types\/page"}],"author":[{"embeddable":true,"href":"https:\/\/ximenavelasquez.uproyecto.com\/index.php?rest_route=\/wp\/v2\/users\/1"}],"replies":[{"embeddable":true,"href":"https:\/\/ximenavelasquez.uproyecto.com\/index.php?rest_route=%2Fwp%2Fv2%2Fcomments&post=37"}],"version-history":[{"count":37,"href":"https:\/\/ximenavelasquez.uproyecto.com\/index.php?rest_route=\/wp\/v2\/pages\/37\/revisions"}],"predecessor-version":[{"id":311,"href":"https:\/\/ximenavelasquez.uproyecto.com\/index.php?rest_route=\/wp\/v2\/pages\/37\/revisions\/311"}],"wp:attachment":[{"href":"https:\/\/ximenavelasquez.uproyecto.com\/index.php?rest_route=%2Fwp%2Fv2%2Fmedia&parent=37"}],"curies":[{"name":"wp","href":"https:\/\/api.w.org\/{rel}","templated":true}]}}